100
25 (base 8) to base 10
21
-7 (base 13) to base 8
-7
Convert 4 (base 10) to base 8.
4
What is 11 (base 3) in base 7?
4
What is b (base 16) in base 14?
b
What is -10003 (base 4) in base 5?
-2014
What is 0 (base 8) in base 9?
0
3 (base 15) to base 6
3
Convert -50 (base 6) to base 15.
-20
2c (base 13) to base 11
35
26 (base 11) to base 16
1c
Convert 0 (base 16) to base 7.
0
-1 (base 6) to base 5
-1
Convert -15 (base 11) to base 8.
-20
What is 1 (base 8) in base 16?
1
-3 (base 13) to base 2
-11
-122 (base 4) to base 13
-20
Convert 1 (base 9) to base 11.
1
Convert -3 (base 7) to base 13.
-3
265 (base 8) to base 9
221
What is -7 (base 12) in base 7?
-10
What is -3 (base 10) in base 8?
-3
What is -1 (base 8) in base 13?
-1
-a1 (base 14) to base 13
-ab
What is 8 (base 15) in base 13?
8
1120 (base 3) to base 5
132
0 (base 14) to base 13
0
-101 (base 3) to base 14
-a
Convert -103 (base 5) to base 7.
-40
Convert -13a (base 15) to base 6.
-1144
What is 2 (base 11) in base 12?
2
Convert 4a (base 11) to base 3.
2000
16 (base 9) to base 16
f
21 (base 6) to base 9
14
Convert -3 (base 16) to base 7.
-3
Convert -1010101 (base 2) to base 14.
-61
What is -a3 (base 11) in base 8?
-161
What is -1 (base 4) in base 15?
-1
What is 41 (base 7) in base 4?
131
-4b (base 15) to base 2
-1000111
4 (base 16) to base 11
4
What is 11 (base 3) in base 2?
100
Convert -2 (base 7) to base 15.
-2
102 (base 4) to base 3
200
201 (base 4) to base 15
23
-30 (base 16) to base 4
-300
What is -3 (base 13) in base 5?
-3
Convert -223 (base 4) to base 10.
-43
Convert 20 (base 3) to base 14.
6
1 (base 2) to base 12
1
What is -3 (base 11) in base 10?
-3
-22 (base 6) to base 4
-32
What is 1 (base 11) in base 15?
1
3 (base 8) to base 11
3
What is 2 (base 4) in base 14?
2
11 (base 2) to base 14
3
What is -1 (base 7) in base 13?
-1
Convert 106 (base 13) to base 11.
14a
Convert 3 (base 14) to base 15.
3
Convert -2202 (base 3) to base 11.
-68
Convert 1 (base 5) to base 8.
1
What is -3 (base 4) in base 16?
-3
What is -202 (base 3) in base 9?
-22
Convert -25 (base 13) to base 6.
-51
Convert 11 (base 12) to base 15.
d
2 (base 9) to base 5
2
Convert 3 (base 5) to base 8.
3
-1 (base 3) to base 7
-1
What is 0 (base 2) in base 4?
0
What is 210 (base 6) in base 10?
78
-2 (base 7) to base 15
-2
What is -c (base 13) in base 10?
-12
-134 (base 13) to base 16
-d4
What is -2 (base 9) in base 15?
-2
Convert -32 (base 9) to base 4.
-131
Convert -11 (base 3) to base 9.
-4
Convert -6 (base 8) to base 15.
-6
1010101 (base 2) to base 16
55
-3 (base 14) to base 8
-3
What is -12 (base 4) in base 5?
-11
What is -172 (base 8) in base 12?
-a2
1 (base 8) to base 15
1
Convert 9 (base 12) to base 15.
9
1 (base 3) to base 10
1
24 (base 8) to base 2
10100
Convert -23 (base 4) to base 9.
-12
8 (base 13) to base 4
20
What is 241 (base 6) in base 3?
10121
What is 90 (base 10) in base 5?
330
-133 (base 5) to base 10
-43
Convert -3 (base 9) to base 12.
-3
2333 (base 4) to base 10
191
What is 129 (base 15) in base 5?
2024
Convert 145 (base 6) to base 8.
101
Convert -8 (base 10) to base 14.
-8
What is 24 (base 10) in base 15?
19
What is -3 (base 15) in base 14?
-3
-103 (base 5) to base 9
-31
What is 78 (base 14) in base 11?
97
What is 5 (base 11) in base 15?
5
What is 241 (base 9) in base 4?
3013
Convert 3 (base 14) to base 7.
3
Convert -2 (base 3) to base 13.
-2
Convert 141 (base 6) to base 3.
2021
Convert -1 (base 10) to base 6.
-1
What is -12 (base 6) in base 7?
-11
Convert 8 (base 15) to base 10.
8
What is 0 (base 2) in base 12?
0
What is -10001 (base 2) in base 6?
-25
Convert -12 (base 4) to base 11.
-6
-5 (base 10) to base 14
-5
What is -11 (base 2) in base 8?
-3
Convert -28 (base 11) to base 2.
-11110
What is -1 (base 12) in base 8?
-1
Convert 0 (base 7) to base 11.
0
3 (base 11) to base 10
3
What is -68 (base 15) in base 9?
-118
Convert 24 (base 10) to base 11.
22
-4 (base 14) to base 13
-4
Convert -1 (base 9) to base 13.
-1
-1002 (base 3) to base 5
-104
Convert -160 (base 10) to base 15.
-aa
23 (base 15) to base 16
21
What is 3 (base 5) in base 14?
3
What is 5 (base 12) in base 11?
5
-24 (base 6) to base 4
-100
What is 2a (base 11) in base 13?
26
What is 1a (base 11) in base 6?
33
70 (base 12) to base 15
59
What is 2 (base 8) in base 13?
2
What is 3 (base 4) in base 7?
3
Convert -38 (base 11) to base 2.
-101001
67 (base 8) to base 5
210
-7 (base 10) to base 5
-12
What is 322 (base 4) in base 9?
64
What is 243 (base 5) in base 14?
53
Convert -124 (base 10) to base 12.
-a4
1 (base 5) to base 11
1
Convert 0 (base 4) to base 10.
0
Convert -90 (base 16) to base 7.
-264
86 (base 9) to base 14
58
Convert -1110110 (base 2) to base 14.
-86
Convert -3 (base 11) to base 12.
-3
-1 (base 11) to base 16
-1
What is 7 (base 14) in base 12?
7
53 (base 10) to base 12
45
Convert -56 (base 8) to base 15.
-31
What is -26 (base 7) in base 4?
-110
Convert -1 (base 12) to base 7.
-1
-10 (base 7) to base 14
-7
170 (base 11) to base 9
240
What is -2 (base 16) in base 12?
-2
Convert 4 (base 14) to base 15.
4
Convert 208 (base 10) to base 3.
21201
What is c (base 14) in base 7?
15
-22 (base 8) to base 14
-14
-34 (base 10) to base 2
-100010
What is 2 (base 5) in base 8?
2
Convert 10 (base 6) to base 8.
6
Convert 11 (base 12) to base 5.
23
Convert -2 (base 9) to base 15.
-2
Convert 0 (base 4) to base 10.
0
Convert -2 (base 11) to base 8.
-2
What is 3 (base 15) in base 8?
3
-2 (base 7) to base 12
-2
2 (base 16) to base 12
2
Convert -35 (base 7) to base 3.
-222
Convert -263 (base 7) to base 13.
-b0
Convert 0 (base 10) to base 8.
0
Convert -15 (base 7) to base 9.
-13
What is 58 (base 16) in base 12?
74
Convert 5 (base 9) to base 15.
5
-52 (base 7) to base 12
-31
0 (base 4) to base 7
0
-1030 (base 4) to base 2
-1001100
2 (base 10) to base 13
2
What is 5 (base 13) in base 7?
5
Convert 5 (base 10) to base 6.
5
5 (base 10) to base 15
5
Convert -21 (base 4) to base 12.
-9
151 (base 9) to base 8
177
What is 230 (base 4) in base 11?
40
What is 5 (base 10) in base 11?
5
What is -24 (base 12) in base 9?
-31
What is -1 (base 4) in base 9?
-1
What is -100 (base 2) in base 5?
-4
47 (base 15) to base 12
57
Convert 11 (base 10) to base 2.
1011
Convert 0 (base 3) to base 16.
0
What is 11000001 (base 2) in base 9?
234
23 (base 6) to base 8
17
16 (base 9) to base 13
12
-30 (base 10) to base 5
-110
Convert -11 (base 7) to base 9.
-8
4 (base 8) to base 6
4
What is 2 (base 5) in base 3?
2
Convert -11 (base 10) to base 7.
-14
What is 13 (base 11) in base 15?
e
What is -b (base 13) in base 8?
-13
-3 (base 13) to base 4
-3
3 (base 12) to base 9
3
Convert 9 (base 14) to base 15.
9
Convert 3 (base 4) to base 5.
3
-4 (base 13) to base 14
-4
Convert 3 (base 12) to base 15.
3
-1 (base 9) to base 13
-1
-11 (base 2) to base 4
-3
What is 52 (base 6) in base 7?
44
0 (base 7) to base 14
0
What is -112 (base 5) in base 12?
-28
What is 76 (base 11) in base 15?
58
-4 (base 12) to base 5
-4
-cb (base 13) to base 10
-167
Convert 72 (base 10) to base 11.
66
What is 1000101 (base 2) in base 11?
63
What is -203 (base 7) in base 16?
-65
What is -12100 (base 3) in base 14?
-a4
Convert 8 (base 10) to base 2.
1000
Convert 1111 (base 6) to base 9.
317
-3 (base 4) to base 9
-3
What is -5 (base 10) in base 12?
-5
101110 (base 2) to base 3
1201
Convert -3 (base 4) to base 13.
-3
Convert -6 (base 11) to base 7.
-6
42 (base 13) to base 15
39
What is -5 (base 15) in base 11?
-5
Convert 80 (base 13) to base 16.
68
-4 (base 14) to base 12
-4
What is 5 (base 7) in base 11?
5
What is 17 (base 12) in base 14?
15
What is -222 (base 9) in base 4?
-2312
What is -4 (base 11) in base 10?
-4
What is 1100110 (base 2) in base 6?
250
What is -2 (base 11) in base 8?
-2
Convert 11 (base 2) to base 10.
3
1 (base 14) to base 16
1
Convert 131 (base 13) to base 9.
252
-2a (base 11) to base 13
-26
What is 40 (base 8) in base 7?
44
What is -1 (base 16) in base 3?
-1
312 (base 9) to base 6
1102
98 (base 12) to base 13
8c
-32 (base 8) to base 6
-42
Convert 6 (base 14) to base 2.
110
Convert -32 (base 16) to base 7.
-101
10 (base 11) to base 15
b
Convert -52 (base 9) to base 5.
-142
Convert 2121 (base 3) to base 6.
154
-15 (base 16) to base 11
-1a
What is -3 (base 5) in base 10?
-3
Convert 100111 (base 2) to base 7.
54
-2 (ba